{"id":693,"date":"2025-01-21T17:19:23","date_gmt":"2025-01-21T16:19:23","guid":{"rendered":"https:\/\/cienypico.es\/producto\/winemakers-gallant\/"},"modified":"2026-03-11T12:21:21","modified_gmt":"2026-03-11T11:21:21","slug":"winemakers-gallant","status":"publish","type":"product","link":"https:\/\/cienypico.es\/fr\/producto\/winemakers-gallant\/","title":{"rendered":"\u00bfWinemaker&rsquo;s Gallant ?"},"content":{"rendered":"[vc_row type=\u00a0\u00bbin_container\u00a0\u00bb full_screen_row_position=\u00a0\u00bbmiddle\u00a0\u00bb column_margin=\u00a0\u00bbdefault\u00a0\u00bb column_direction=\u00a0\u00bbdefault\u00a0\u00bb column_direction_tablet=\u00a0\u00bbdefault\u00a0\u00bb column_direction_phone=\u00a0\u00bbdefault\u00a0\u00bb scene_position=\u00a0\u00bbcenter\u00a0\u00bb text_color=\u00a0\u00bbdark\u00a0\u00bb text_align=\u00a0\u00bbleft\u00a0\u00bb row_border_radius=\u00a0\u00bbnone\u00a0\u00bb row_border_radius_applies=\u00a0\u00bbbg\u00a0\u00bb overflow=\u00a0\u00bbvisible\u00a0\u00bb overlay_strength=\u00a0\u00bb0.3&Prime; gradient_direction=\u00a0\u00bbleft_to_right\u00a0\u00bb shape_divider_position=\u00a0\u00bbbottom\u00a0\u00bb bg_image_animation=\u00a0\u00bbnone\u00a0\u00bb][vc_column column_padding=\u00a0\u00bbno-extra-padding\u00a0\u00bb column_padding_tablet=\u00a0\u00bbinherit\u00a0\u00bb column_padding_phone=\u00a0\u00bbinherit\u00a0\u00bb column_padding_position=\u00a0\u00bball\u00a0\u00bb column_element_direction_desktop=\u00a0\u00bbdefault\u00a0\u00bb column_element_spacing=\u00a0\u00bbdefault\u00a0\u00bb desktop_text_alignment=\u00a0\u00bbdefault\u00a0\u00bb tablet_text_alignment=\u00a0\u00bbdefault\u00a0\u00bb phone_text_alignment=\u00a0\u00bbdefault\u00a0\u00bb background_color_opacity=\u00a0\u00bb1&Prime; background_hover_color_opacity=\u00a0\u00bb1&Prime; column_backdrop_filter=\u00a0\u00bbnone\u00a0\u00bb column_shadow=\u00a0\u00bbnone\u00a0\u00bb column_border_radius=\u00a0\u00bbnone\u00a0\u00bb column_link_target=\u00a0\u00bb_self\u00a0\u00bb column_position=\u00a0\u00bbdefault\u00a0\u00bb gradient_direction=\u00a0\u00bbleft_to_right\u00a0\u00bb overlay_strength=\u00a0\u00bb0.3&Prime; width=\u00a0\u00bb1\/1&Prime; tablet_width_inherit=\u00a0\u00bbdefault\u00a0\u00bb animation_type=\u00a0\u00bbdefault\u00a0\u00bb bg_image_animation=\u00a0\u00bbnone\u00a0\u00bb border_type=\u00a0\u00bbsimple\u00a0\u00bb column_border_width=\u00a0\u00bbnone\u00a0\u00bb column_border_style=\u00a0\u00bbsolid\u00a0\u00bb column_padding_type=\u00a0\u00bbdefault\u00a0\u00bb gradient_type=\u00a0\u00bbdefault\u00a0\u00bb][toggles style=\u00a0\u00bbdefault\u00a0\u00bb border_radius=\u00a0\u00bbnone\u00a0\u00bb][toggle color=\u00a0\u00bbAccent-Color\u00a0\u00bb heading_tag=\u00a0\u00bbdefault\u00a0\u00bb heading_tag_functionality=\u00a0\u00bbdefault\u00a0\u00bb title=\u00a0\u00bbAccords mets-vins\u00a0\u00bb][vc_column_text css=\u00a0\u00bb\u00a0\u00bb text_direction=\u00a0\u00bbdefault\u00a0\u00bb]<img loading=\"lazy\" decoding=\"async\" class=\"alignnone size-full wp-image-298\" src=\"https:\/\/cienypico.es\/wp-content\/uploads\/2025\/01\/cheese-paring-removebg-preview.png\" alt=\"\" width=\"253\" height=\"59\"><\/p>\n<p>Fromages r\u00e9gionaux: Kashkaval bulgare, Manchego espagnol, Parmigiano Reggiano italien ou Blue Vein australien.[\/vc_column_text][\/toggle][toggle color=\u00a0\u00bbDefault\u00a0\u00bb heading_tag=\u00a0\u00bbdefault\u00a0\u00bb heading_tag_functionality=\u00a0\u00bbdefault\u00a0\u00bb title=\u00a0\u00bbMes qualit\u00e9s\u00a0\u00bb][vc_column_text css=\u00a0\u00bb\u00a0\u00bb text_direction=\u00a0\u00bbdefault\u00a0\u00bb]<strong>Couleur:<\/strong> le violet le plus fonc\u00e9, presque imp\u00e9n\u00e9trable.<\/p>\n<p><strong>Ar\u00f4mes<\/strong>: une gamme \u00e9tonnamment s\u00e9duisante, presque parfum\u00e9e, d&rsquo;odeurs pures de Bobal. Initialement, le granit de pomme m\u00e9lang\u00e9 au cassis et aux m\u00fbres m\u00fbres. Un nez frais et doux de cerise noire et de tarte aux m\u00fbres, ainsi que des notes de poivre rose, de noix de cola et de toutes sortes d&rsquo;\u00e9pices.  <\/p>\n<p>Un nez profond\u00e9ment complexe qui \u00e9clate avec des odeurs de fruits rouges<br \/>\net de tabac blond, de terre noire fra\u00eechement retourn\u00e9e et d&rsquo;un arri\u00e8re-plan de ch\u00eane fran\u00e7ais fin.<\/p>\n<p><strong>Bouche:<\/strong> la bouche est particuli\u00e8rement riche et dense, mais avec une acidit\u00e9 fra\u00eeche et des fruits brillants, des notes de cerise noire et de prune, mais aussi de m\u00fbre. La bouche est ample, jeune, mais aussi agr\u00e9ablement savoureuse sur une finale de m\u00fbre et de structure \u00e9pic\u00e9e.[\/vc_column_text][\/toggle][\/toggles][\/vc_column][\/vc_row][vc_row type=\u00a0\u00bbin_container\u00a0\u00bb full_screen_row_position=\u00a0\u00bbmiddle\u00a0\u00bb column_margin=\u00a0\u00bbdefault\u00a0\u00bb column_direction=\u00a0\u00bbdefault\u00a0\u00bb column_direction_tablet=\u00a0\u00bbdefault\u00a0\u00bb column_direction_phone=\u00a0\u00bbdefault\u00a0\u00bb scene_position=\u00a0\u00bbcenter\u00a0\u00bb text_color=\u00a0\u00bbdark\u00a0\u00bb text_align=\u00a0\u00bbleft\u00a0\u00bb row_border_radius=\u00a0\u00bbnone\u00a0\u00bb row_border_radius_applies=\u00a0\u00bbbg\u00a0\u00bb overflow=\u00a0\u00bbvisible\u00a0\u00bb overlay_strength=\u00a0\u00bb0.3&Prime; gradient_direction=\u00a0\u00bbleft_to_right\u00a0\u00bb shape_divider_position=\u00a0\u00bbbottom\u00a0\u00bb bg_image_animation=\u00a0\u00bbnone\u00a0\u00bb][vc_column column_padding=\u00a0\u00bbno-extra-padding\u00a0\u00bb column_padding_tablet=\u00a0\u00bbinherit\u00a0\u00bb column_padding_phone=\u00a0\u00bbinherit\u00a0\u00bb column_padding_position=\u00a0\u00bball\u00a0\u00bb column_element_direction_desktop=\u00a0\u00bbdefault\u00a0\u00bb column_element_spacing=\u00a0\u00bbdefault\u00a0\u00bb desktop_text_alignment=\u00a0\u00bbdefault\u00a0\u00bb tablet_text_alignment=\u00a0\u00bbdefault\u00a0\u00bb phone_text_alignment=\u00a0\u00bbdefault\u00a0\u00bb background_color_opacity=\u00a0\u00bb1&Prime; background_hover_color_opacity=\u00a0\u00bb1&Prime; column_backdrop_filter=\u00a0\u00bbnone\u00a0\u00bb column_shadow=\u00a0\u00bbnone\u00a0\u00bb column_border_radius=\u00a0\u00bbnone\u00a0\u00bb column_link_target=\u00a0\u00bb_self\u00a0\u00bb column_position=\u00a0\u00bbdefault\u00a0\u00bb gradient_direction=\u00a0\u00bbleft_to_right\u00a0\u00bb overlay_strength=\u00a0\u00bb0.3&Prime; width=\u00a0\u00bb1\/1&Prime; tablet_width_inherit=\u00a0\u00bbdefault\u00a0\u00bb animation_type=\u00a0\u00bbdefault\u00a0\u00bb bg_image_animation=\u00a0\u00bbnone\u00a0\u00bb border_type=\u00a0\u00bbsimple\u00a0\u00bb column_border_width=\u00a0\u00bbnone\u00a0\u00bb column_border_style=\u00a0\u00bbsolid\u00a0\u00bb][nectar_cta btn_style=\u00a0\u00bbarrow-animation\u00a0\u00bb heading_tag=\u00a0\u00bbh6&Prime; font_size_min=\u00a0\u00bb16px\u00a0\u00bb border_radius=\u00a0\u00bb0&Prime; button_color=\u00a0\u00bbdefault\u00a0\u00bb button_color_hover=\u00a0\u00bb#ffffff\u00a0\u00bb text_color=\u00a0\u00bb#fca103&Prime; text_color_hover=\u00a0\u00bb#fca103&Prime; button_border_color=\u00a0\u00bb#fca103&Prime; button_border_color_hover=\u00a0\u00bb#ffffff\u00a0\u00bb button_border_thickness=\u00a0\u00bb0px\u00a0\u00bb link_type=\u00a0\u00bbimage_lightbox\u00a0\u00bb alignment=\u00a0\u00bbleft\u00a0\u00bb alignment_tablet=\u00a0\u00bbdefault\u00a0\u00bb alignment_phone=\u00a0\u00bbdefault\u00a0\u00bb display=\u00a0\u00bbblock\u00a0\u00bb display_tablet=\u00a0\u00bbinherit\u00a0\u00bb display_phone=\u00a0\u00bbinherit\u00a0\u00bb url=\u00a0\u00bbhttps:\/\/cienypico.es\/wp-content\/uploads\/2025\/01\/WINEMAKERS-GALLANT-tech-sheet.pdf\u00a0\u00bb link_text=\u00a0\u00bbT\u00c9L\u00c9CHARGEZ LA FICHE DE D\u00c9GUSTATION COMPL\u00c8TE\u00a0\u00bb][\/vc_column][\/vc_row]\n","protected":false},"excerpt":{"rendered":"<blockquote>\n<h5>Luis Garcia, notre vigneron-errant espagnol, affirme que le Cien y Pico se boit de pr\u00e9f\u00e9rence avec le Manchego de Mancheula, produit dans sa r\u00e9gion.<\/h5>\n<\/blockquote>\n<ul>\n<li><strong>DO: <\/strong>Manchuela<\/li>\n<li><strong>Vari\u00e9t\u00e9s:<\/strong> Bobal<\/li>\n<li><strong>Alcool:<\/strong> 14,5%.<\/li>\n<li><strong>Vieillissement:<\/strong> 14 mois en barriques neuves et deux ans en barriques anciennes.<\/li>\n<\/ul>\n","protected":false},"featured_media":696,"template":"","meta":[],"product_brand":[],"product_cat":[39],"product_tag":[],"class_list":{"0":"post-693","1":"product","2":"type-product","3":"status-publish","4":"has-post-thumbnail","6":"product_cat-vins","8":"first","9":"instock","10":"shipping-taxable","11":"product-type-simple"},"_links":{"self":[{"href":"https:\/\/cienypico.es\/fr\/wp-json\/wp\/v2\/product\/693","targetHints":{"allow":["GET"]}}],"collection":[{"href":"https:\/\/cienypico.es\/fr\/wp-json\/wp\/v2\/product"}],"about":[{"href":"https:\/\/cienypico.es\/fr\/wp-json\/wp\/v2\/types\/product"}],"wp:featuredmedia":[{"embeddable":true,"href":"https:\/\/cienypico.es\/fr\/wp-json\/wp\/v2\/media\/696"}],"wp:attachment":[{"href":"https:\/\/cienypico.es\/fr\/wp-json\/wp\/v2\/media?parent=693"}],"wp:term":[{"taxonomy":"product_brand","embeddable":true,"href":"https:\/\/cienypico.es\/fr\/wp-json\/wp\/v2\/product_brand?post=693"},{"taxonomy":"product_cat","embeddable":true,"href":"https:\/\/cienypico.es\/fr\/wp-json\/wp\/v2\/product_cat?post=693"},{"taxonomy":"product_tag","embeddable":true,"href":"https:\/\/cienypico.es\/fr\/wp-json\/wp\/v2\/product_tag?post=693"}],"curies":[{"name":"wp","href":"https:\/\/api.w.org\/{rel}","templated":true}]}}

[vc_row type= »in_container » full_screen_row_position= »middle » column_margin= »default » column_direction= »default » column_direction_tablet= »default » column_direction_phone= »default » scene_position= »center » text_color= »dark » text_align= »left » row_border_radius= »none » row_border_radius_applies= »bg » overflow= »visible » overlay_strength= »0.3&Prime; gradient_direction= »left_to_right » shape_divider_position= »bottom » bg_image_animation= »none »][vc_column column_padding= »no-extra-padding » column_padding_tablet= »inherit » column_padding_phone= »inherit » column_padding_position= »all » column_element_direction_desktop= »default » column_element_spacing= »default » desktop_text_alignment= »default » tablet_text_alignment= »default » phone_text_alignment= »default » background_color_opacity= »1&Prime; background_hover_color_opacity= »1&Prime; column_backdrop_filter= »none » column_shadow= »none » column_border_radius= »none » column_link_target= »_self » column_position= »default » gradient_direction= »left_to_right » overlay_strength= »0.3&Prime; width= »1/1&Prime; tablet_width_inherit= »default » animation_type= »default » bg_image_animation= »none » border_type= »simple » column_border_width= »none » column_border_style= »solid » column_padding_type= »default » gradient_type= »default »][toggles style= »default » border_radius= »none »][toggle color= »Accent-Color » heading_tag= »default » heading_tag_functionality= »default » title= »Accords mets-vins »][vc_column_text css= » » text_direction= »default »]<img loading="lazy" decoding="async" class="alignnone size-full wp-image-298" src="https://cienypico.es/wp-content/uploads/2025/01/cheese-paring-removebg-preview.png" alt="" width="253" height="59"></p>
<p>Fromages régionaux: Kashkaval bulgare, Manchego espagnol, Parmigiano Reggiano italien ou Blue Vein australien.[/vc_column_text][/toggle][toggle color= »Default » heading_tag= »default » heading_tag_functionality= »default » title= »Mes qualités »][vc_column_text css= » » text_direction= »default »]<strong>Couleur:</strong> le violet le plus foncé, presque impénétrable.</p>
<p><strong>Arômes</strong>: une gamme étonnamment séduisante, presque parfumée, d&rsquo;odeurs pures de Bobal. Initialement, le granit de pomme mélangé au cassis et aux mûres mûres. Un nez frais et doux de cerise noire et de tarte aux mûres, ainsi que des notes de poivre rose, de noix de cola et de toutes sortes d&rsquo;épices.  </p>
<p>Un nez profondément complexe qui éclate avec des odeurs de fruits rouges<br />
et de tabac blond, de terre noire fraîchement retournée et d&rsquo;un arrière-plan de chêne français fin.</p>
<p><strong>Bouche:</strong> la bouche est particulièrement riche et dense, mais avec une acidité fraîche et des fruits brillants, des notes de cerise noire et de prune, mais aussi de mûre. La bouche est ample, jeune, mais aussi agréablement savoureuse sur une finale de mûre et de structure épicée.[/vc_column_text][/toggle][/toggles][/vc_column][/vc_row][vc_row type= »in_container » full_screen_row_position= »middle » column_margin= »default » column_direction= »default » column_direction_tablet= »default » column_direction_phone= »default » scene_position= »center » text_color= »dark » text_align= »left » row_border_radius= »none » row_border_radius_applies= »bg » overflow= »visible » overlay_strength= »0.3&Prime; gradient_direction= »left_to_right » shape_divider_position= »bottom » bg_image_animation= »none »][vc_column column_padding= »no-extra-padding » column_padding_tablet= »inherit » column_padding_phone= »inherit » column_padding_position= »all » column_element_direction_desktop= »default » column_element_spacing= »default » desktop_text_alignment= »default » tablet_text_alignment= »default » phone_text_alignment= »default » background_color_opacity= »1&Prime; background_hover_color_opacity= »1&Prime; column_backdrop_filter= »none » column_shadow= »none » column_border_radius= »none » column_link_target= »_self » column_position= »default » gradient_direction= »left_to_right » overlay_strength= »0.3&Prime; width= »1/1&Prime; tablet_width_inherit= »default » animation_type= »default » bg_image_animation= »none » border_type= »simple » column_border_width= »none » column_border_style= »solid »][nectar_cta btn_style= »arrow-animation » heading_tag= »h6&Prime; font_size_min= »16px » border_radius= »0&Prime; button_color= »default » button_color_hover= »#ffffff » text_color= »#fca103&Prime; text_color_hover= »#fca103&Prime; button_border_color= »#fca103&Prime; button_border_color_hover= »#ffffff » button_border_thickness= »0px » link_type= »image_lightbox » alignment= »left » alignment_tablet= »default » alignment_phone= »default » display= »block » display_tablet= »inherit » display_phone= »inherit » url= »https://cienypico.es/wp-content/uploads/2025/01/WINEMAKERS-GALLANT-tech-sheet.pdf » link_text= »TÉLÉCHARGEZ LA FICHE DE DÉGUSTATION COMPLÈTE »][/vc_column][/vc_row]

<blockquote>
<h5>Luis Garcia, notre vigneron-errant espagnol, affirme que le Cien y Pico se boit de préférence avec le Manchego de Mancheula, produit dans sa région.</h5>
</blockquote>
<ul>
<li><strong>DO: </strong>Manchuela</li>
<li><strong>Variétés:</strong> Bobal</li>
<li><strong>Alcool:</strong> 14,5%.</li>
<li><strong>Vieillissement:</strong> 14 mois en barriques neuves et deux ans en barriques anciennes.</li>
</ul>
